-y - h*o + 53 = 0, 73 = -4*y - 3*o + 259. Suppose -2*k - x + 105 = 0, -k - 2*x + 0*x = -y. Is k prime?
False
Let k be 2/9 - (-55)/(-45). Let c = -2 - k. Is (c + 56)*9/15 a prime number?
False
Let c be (4 + -18)/(0 + -1). Suppose 0 = 16*h - c*h - 322. Is h a composite number?
True
Is 1 - 1797/(-9)*(1 + 5) prime?
False
Let q(d) = -d + 1. Let i be q(-3). Suppose -i = -o, -3*b + 5*o - 10 = 2*b. Suppose 0 = 2*l + b*k - 124, -l + 6*l - 355 = 4*k. Is l prime?
True
Is (-5)/5*((-2 - -3) + -444) composite?
False
Let n = -4 - -9. Suppose n*g = -2*p + 133, 135 = 2*p + g + 2*g. Is p composite?
True
Let o = 8 - 8. Suppose c = 2*l + 2*c - 663, 5*l + 3*c - 1660 = o. Is l prime?
False
Suppose 198 - 5991 = -3*f. Is f a composite number?
False
Suppose -3*w + 1666 = 5*f, 2*f + w - 685 = 6*w. Is f a composite number?
True
Let v(j) = -2*j**3 - 5*j**2 + 3*j + 1. Let i be v(-5). Suppose -r = -5*u - i, -u - 4 = -2*u. Is r a composite number?
False
Let f be (-3)/(-21) + (-4932)/28. Let x = f - -307. Is x prime?
True
Suppose 3*z + 2*g = -3*g + 638, -2*z - 3*g + 424 = 0. Let f = z + -113. Is f a composite number?
True
Is 337 - (0/(0 + 3))/(-2) a prime number?
True
Let u(i) = -i**3 - 7*i**2 + i. Let x(l) = l**3 + 7*l**2 - 2*l - 1. Let m(y) = -4*u(y) - 3*x(y). Let a = 12 + -17. Is m(a) composite?
False
Let m = -17 + 25. Suppose m = 4*u - 0, -5*u = -4*p + 178. Suppose k = -3, -5*j + 5*k = p - 217. Is j composite?
False
Let t = -9 - -38. Let k = 8 + -9. Is t*(1 + 3) + k a prime number?
False
Suppose -2*b - 508 = -6*b. Is b prime?
True
Let k(w) = 19*w**2 - 9*w + 13. Is k(9) a composite number?
False
Let j(z) = -z**2 + 22*z + 25. Is j(16) prime?
False
Let w be (0/2)/(2/1). Let z = w - -9. Is z a composite number?
True
Let m(a) = 297*a**2 - 2. Let h be m(2). Let u = h - 666. Suppose 0 = 4*x - u + 204. Is x a prime number?
True
Let q = -11 + 6. Let r(t) = t**2 + 4*t. Let s be r(q). Suppose -s*b + 662 + 83 = 0. Is b a composite number?
False
Let c = -922 + 1413. Is c a composite number?
False
Let b(j) = -j**3 - j**2 + j - 3. Let n be b(0). Let x be -1 + 2 - 48/n. Suppose -k + x = -80. Is k composite?
False
Suppose -7*j + 0*j + 11963 = 0. Is j a composite number?
False
Let p(v) = -3*v + 0*v**2 - v**2 + 1 - v**2 + v**3. Let i be p(3). Is (26/4)/(i/6) prime?
False
Let p(i) be the third derivative of 0 + 1/30*i**5 + 0*i + 11/24*i**4 + 5/6*i**3 + i**2. Is p(-7) a prime number?
False
Let i = -721 + 1397. Suppose -n + i = 3*n. Is n prime?
False
Let j(u) = u**3 - u**2 + 2*u + 74. Let f be j(0). Is 0 + 2 + 3 + f a prime number?
True
Let d(o) = 34*o**2 - o. Let r be d(1). Suppose -2*x + r = x. Suppose -64 - x = -3*w. Is w prime?
False
Let v(j) = 0*j**2 - 1 - j**2 + 7*j - 5. Let t be v(4). Suppose 110 = 5*y + i - t*i, 0 = 4*y - 3*i - 85. Is y a composite number?
False
Suppose 3*h - 32 = 37. Let w = h - 14. Is w a prime number?
False
Let z(r) = 27*r + 1. Let v(m) = 9*m. Let s be ((-3)/(-2))/((-18)/(-84)). Let p(o) = s*v(o) - 2*z(o). Is p(4) composite?
True
Let z(l) = -l**2 + 7*l - 4. Let i be z(6). Suppose -x + 3 = i*p, -3*x + 3 = -2*x. Suppose 3*c + p = 3, 5*g - 102 = 3*c. Is g prime?
False
Suppose -4*k - 4*g - 72 = 0, -g - 33 - 25 = 3*k. Let a be (k/4)/((-2)/12). Suppose 3*q + 5*s - a = 211, -4*q - s + 310 = 0. Is q a composite number?
True
Let g(a) = -2*a**3 - 3*a + 6*a + 7*a**2 + 4*a**3 - a**3 + 1. Is g(-6) a prime number?
True
Suppose -3*n - 5*x = -2*n + 11, 3*n + 13 = 5*x. Let r be (2/5)/(n/(-360)). Let a = r + -14. Is a a composite number?
True
Suppose -3*b + 3 = 0, -3*r + 3*b - 3 = -0*r. Is (r - -113)/(4 + -3) a composite number?
False
Let l = 6 - 2. Let h(x) = x**3 - 3*x**2 - 5*x. Let k be h(l). Let p(d) = d**3 + 5*d**2 + 5. Is p(k) a composite number?
True
Suppose -3*i - m + 16 = 0, 2*m + 2 = 4*i - 6. Suppose i*o - 220 = 4*r, 0*r + 5*r = -o + 67. Is o a prime number?
False
Let w be 10*((-196)/(-10))/1. Suppose -5*a + 3*g + 961 = 0, -4*a + w + 562 = 3*g. Is a prime?
True
Let t(h) = h**2 + h - 3. Let x be t(4). Suppose 4*m + x - 93 = 0. Is m a composite number?
False
Let a be -1 + 1 + (-13)/1. Suppose 5*q + 14 - 154 = 0. Let x = a + q. Is x composite?
True
Suppose -3*j + 8*j - 15 = 0. Suppose 5*l + o = -j*o + 179, 139 = 4*l - o. Is l prime?
False
Let b be 2/(-6) - (-1864)/12. Let h = 12 - 12. Suppose 0 = 5*g - h*g - b. Is g a prime number?
True
Let b = 0 + -47. Let s = b + 96. Is s a prime number?
False
Let f be (0 - 2/(-2)) + 7. Let r(h) = -h**3 + 15*h**2 - 3*h - 5. Is r(f) a composite number?
False
Let s(d) = 14*d - 3. Let h be s(8). Suppose -3*o + 466 = h. Is o prime?
False
Let b(n) = 7*n**2 + 2*n + 5. Is b(3) composite?
True
Let p(w) = -2*w**2 + 4*w + 7. Let t(j) = j**2 - 1. Let n(o) = p(o) + 6*t(o). Suppose 0 - 3 = -d. Is n(d) a composite number?
True
Suppose -2*m = 5*s - 951, -2*s - 5*m = -6*s + 774. Is s composite?
False
Suppose -m = -0*m. Let o(u) = 3*u + 4*u**3 + 67 - 5*u**3 - 4*u. Is o(m) prime?
True
Let i(z) = -z**2 + 191. Is i(0) composite?
False
Suppose 4*z = 4 + 36. Suppose -3*x + z = -20. Is x a prime number?
False
Suppose 2*g - 756 - 62 = 0. Is g a composite number?
False
Let y(l) = -9*l**2 - 7*l + 5. Let c be y(-6). Let i = 390 + c. Is i composite?
False
Is 9002/(-5*4/(-10)) composite?
True
Let u be 42/(-8) + (-2)/(-8). Let j(c) = -48*c - 7. Is j(u) a prime number?
True
Let c(o) = 12*o**2 + 9*o - 1. Suppose -25 - 7 = -4*q. Is c(q) a composite number?
False
Let l be (2/(-4))/((-14)/18284). Suppose 5*w - l = 282. Is w composite?
True
Let n(d) be the third derivative of d**4/24 + 4*d**3/3 - 2*d**2. Let x be n(-5). Suppose -x*z = 2*z - 335. Is z a prime number?
True
Suppose 0 = -4*p - 3 - 9. Let h be (-5 + -13)*4/p. Suppose 67 - h = l. Is l a prime number?
True
Let y(f) be the second derivative of -f**5/20 - 11*f**4/12 - f**3 - f**2/2 + 9*f. Is y(-11) a prime number?
False
Let r(q) = 15*q**2 - 7. Is r(-4) a composite number?
False
Suppose -k - 24 = 3*k. Let s be (-2)/k - (-735)/9. Let o = -29 + s. Is o a composite number?
False
Suppose 5*n + 36 = -d, 4*n = 5*n + d + 8. Let r(j) = j + 4. Let t be r(9). Let w = t + n. Is w a prime number?
False
Let b(j) = -j**3 + 31*j**2 - 9*j + 32. Is b(21) a composite number?
False
Suppose -1577 = -3*t - 2*d, -4*t + 4*d - 533 + 2649 = 0. Is t a composite number?
True
Let g be 10*((-296)/(-10) - -2). Let h = 573 - g. Is h prime?
True
Let r(m) = 45*m - 18. Let x(t) = 70*t - 27. Let i(f) = 141*f - 54. Let h(b) = -3*i(b) + 7*x(b). Let p(z) = -5*h(z) + 7*r(z). Is p(-7) a prime number?
True
Let f(j) = 2*j - 2. Let i be f(5). Let a(d) = -d**3 + 9*d**2 - 2*d + 7. Is a(i) a composite number?
True
Let x = -360 + 681. Is x composite?
True
Let m(a) be the third derivative of -11*a**4/12 + a**3/6 - 2*a**2. Let k be m(-1). Is 1*k/(1 + 0) a composite number?
False
Let v(d) = d**2 - 5*d + 2. Let k = 2 - -3. Let n be v(k). Suppose n*i = -m + 59, -5*i + 4*m = -0*m - 167. Is i prime?
True
Let z(c) = 3*c**3 + 4*c**2 + 157. Let i(y) = 4*y**3 + 5*y**2 + 157. Let b(r) = -5*i(r) + 6*z(r). Is b(0) prime?
True
Let v = 2508 - 1619. Is v a prime number?
False
Suppose -4*n + 56 = -5*r, 6 = -0*n + 2*n + 3*r. Suppose 6*s = 3*s + n. Suppose 12 + s = y. Is y a composite number?
True
Suppose -3*s + 9 = -2*y, -5*y - s + 0*s + 20 = 0. Suppose 2*b = -y*b + 255. Is b composite?
True
Let f = 5 + 0. Suppose 3*y - 28 = 2*y + f*b, -4*b = 4*y - 232. Is y a composite number?
False
Suppose 0 = -2*p + 6, 3*k - 12*p + 9*p = 5214. Is k prime?
True
Suppose 4*f - 752 - 284 = 0. Is f a composite number?
True
Let x(n) = -n**2 - 14*n + 2. Let c be x(-14). Suppose 179 = c*g - 2*m + 33, 0 = 5*g + 3*m - 397. Is g a prime number?
False
Let q(j) = -54*j + 1. Let z be -5 + 2 - 2*-1. Let c = z - 0. Is q(c) prime?
False
Let s be (-9)/21 - 1920/(-21). Is 2/(3 + s/(-31)) prime?
True
Suppose -o - 3 = -0*o, -5*o = 5*a - 15. Let h(b) = 2*b - 3. Is h(a) a composite number?
True
Let x = 159 + -22. Suppose x = 4*b + 9. Let w = b - 19. Is w a prime number?
True
Suppose 4 - 3 = j. Is -2 - j/(-1) - -288 a prime number?
False
Suppose 3*g = -2*g - 10. Let z be 36/15 - g/(-5). Is z*(2 + 14/4) prime?
True
Suppose 6*w - 3 = 9. Let h(a) = 8*a**2 + 4*a - 3. Is h(w) prime?
True
Let s be (9 - 6) + 92 + -1. Let d = s - -63. Is d a composite number?
False
Suppose -3*q + 3 = 0, -317 = -3*y - 0*q + q. Is y a composi